e remainder when 171398 is divided by 589.
588
Calculate the remainder when 11951 is divided by 36.
35
What is the remainder when 546124 is divided by 546124?
0
What is the remainder when 1969 is divided by 236?
81
What is the remainder when 57634 is divided by 7203?
10
Calculate the remainder when 127613 is divided by 76.
9
What is the remainder when 325273 is divided by 103?
102
Calculate the remainder when 23434 is divided by 2918.
90
Calculate the remainder when 8583 is divided by 84.
15
Calculate the remainder when 50980 is divided by 500.
480
Calculate the remainder when 5849 is divided by 48.
41
Calculate the remainder when 16293 is divided by 27.
12
What is the remainder when 22613 is divided by 7?
3
Calculate the remainder when 3388 is divided by 1630.
128
What is the remainder when 17488 is divided by 1595?
1538
Calculate the remainder when 201697 is divided by 49.
13
Calculate the remainder when 5632 is divided by 5632.
0
What is the remainder when 10843 is divided by 137?
20
Calculate the remainder when 234873 is divided by 32.
25
Calculate the remainder when 3391 is divided by 227.
213
What is the remainder when 648205 is divided by 14?
5
Calculate the remainder when 298432 is divided by 19.
18
What is the remainder when 2824 is divided by 734?
622
Calculate the remainder when 99622 is divided by 1186.
1184
Calculate the remainder when 3067 is divided by 280.
267
What is the remainder when 56008 is divided by 800?
8
What is the remainder when 34070 is divided by 1481?
7
Calculate the remainder when 42773 is divided by 465.
458
What is the remainder when 1285 is divided by 644?
641
What is the remainder when 126732 is divided by 306?
48
What is the remainder when 78317 is divided by 440?
437
Calculate the remainder when 1344 is divided by 286.
200
What is the remainder when 25683 is divided by 12828?
27
What is the remainder when 2627 is divided by 519?
32
Calculate the remainder when 677 is divided by 3.
2
What is the remainder when 10899 is divided by 232?
227
Calculate the remainder when 91801 is divided by 118.
115
What is the remainder when 8479 is divided by 1535?
804
What is the remainder when 1665 is divided by 17?
16
Calculate the remainder when 314542 is divided by 18.
10
Calculate the remainder when 164964 is divided by 95.
44
What is the remainder when 1400943 is divided by 13?
11
What is the remainder when 1017745 is divided by 36?
25
Calculate the remainder when 14627 is divided by 14621.
6
Calculate the remainder when 62861 is divided by 31430.
1
Calculate the remainder when 62048 is divided by 363.
338
Calculate the remainder when 11844 is divided by 8.
4
Calculate the remainder when 11538 is divided by 718.
50
Calculate the remainder when 3104 is divided by 52.
36
What is the remainder when 151472 is divided by 50490?
2
Calculate the remainder when 25600 is divided by 3199.
8
What is the remainder when 4245 is divided by 2033?
179
Calculate the remainder when 177681 is divided by 10.
1
Calculate the remainder when 215684 is divided by 19607.
7
Calculate the remainder when 16222 is divided by 52.
50
Calculate the remainder when 34957 is divided by 5821.
31
Calculate the remainder when 75329 is divided by 292.
285
What is the remainder when 860 is divided by 208?
28
What is the remainder when 1596 is divided by 1570?
26
What is the remainder when 100569 is divided by 1623?
1566
What is the remainder when 478892 is divided by 11402?
8
Calculate the remainder when 41853 is divided by 65.
58
What is the remainder when 288183 is divided by 48029?
9
Calculate the remainder when 21158 is divided by 347.
338
Calculate the remainder when 14568 is divided by 152.
128
What is the remainder when 15743 is divided by 2620?
23
What is the remainder when 440468 is divided by 1034?
1018
Calculate the remainder when 136858 is divided by 2401.
1
What is the remainder when 37744 is divided by 6258?
196
Calculate the remainder when 16692 is divided by 66.
60
What is the remainder when 341 is divided by 31?
0
Calculate the remainder when 33966 is divided by 176.
174
Calculate the remainder when 1262221 is divided by 16.
13
What is the remainder when 351186 is divided by 83?
13
Calculate the remainder when 6879 is divided by 101.
11
Calculate the remainder when 4921 is divided by 272.
25
What is the remainder when 56118 is divided by 1124?
1042
Calculate the remainder when 61612 is divided by 63.
61
What is the remainder when 6636 is divided by 508?
32
What is the remainder when 816 is divided by 451?
365
Calculate the remainder when 14735 is divided by 229.
79
Calculate the remainder when 2935 is divided by 30.
25
What is the remainder when 254383 is divided by 63595?
3
What is the remainder when 387034 is divided by 16126?
10
What is the remainder when 1860 is divided by 58?
4
Calculate the remainder when 48613 is divided by 1053.
175
Calculate the remainder when 843 is divided by 515.
328
What is the remainder when 8446 is divided by 497?
494
What is the remainder when 224268 is divided by 3072?
12
Calculate the remainder when 546593 is divided by 245.
243
What is the remainder when 4646 is divided by 83?
81
What is the remainder when 1349617 is divided by 1187?
1185
Calculate the remainder when 129239 is divided by 259.
257
What is the remainder when 3992 is divided by 689?
547
What is the remainder when 55755 is divided by 13?
11
What is the remainder when 204467 is divided by 32?
19
Calculate the remainder when 1969057 is divided by 434.
433
Calculate the remainder when 14992 is divided by 37.
7
Calculate the remainder when 3617 is divided by 41.
9
What is the remainder when 2794662 is divided by 698665?
2
Calculate the remainder when 2369 is divided by 198.
191
What is the remainder when 21680 is divided by 1041?
860
Calculate the remainder when 7285538 is divided by 159.
158
What is the remainder when 2831 is divided by 1412?
7
What is the remainder when 2850 is divided by 318?
306
Calculate the remainder when 426206 is divided by 71031.
20
Calculate the remainder when 1990 is divided by 301.
184
What is the remainder when 145129 is divided by 43?
4
Calculate the remainder when 80870 is divided by 40351.
168
Calculate the remainder when 2238817 is divided by 785.
782
What is the remainder when 74772 is divided by 11?
5
Calculate the remainder when 2728 is divided by 575.
428
What is the remainder when 7415 is divided by 3680?
55
Calculate the remainder when 10258 is divided by 67.
7
Calculate the remainder when 8238 is divided by 1100.
538
What is the remainder when 970858 is divided by 660?
658
Calculate the remainder when 13117 is divided by 504.
13
Calculate the remainder when 7101 is divided by 196.
45
Calculate the remainder when 24005 is divided by 1053.
839
Calculate the remainder when 22661 is divided by 27.
8
Calculate the remainder when 2242 is divided by 6.
4
What is the remainder when 5137 is divided by 217?
146
Calculate the remainder when 31050 is divided by 80.
10
Calculate the remainder when 82790 is divided by 1048.
1046
Calculate the remainder when 1613 is divided by 1497.
116
What is the remainder when 2471 is divided by 409?
17
Calculate the remainder when 224075 is divided by 742.
733
What is the remainder when 2704 is divided by 121?
42
Calculate the remainder when 15046 is divided by 114.
112
Calculate the remainder when 4814 is divided by 1195.
34
What is the remainder when 10499 is divided by 9?
5
Calculate the remainder when 13549 is divided by 77.
74
Calculate the remainder when 20872 is divided by 313.
214
Calculate the remainder when 12875 is divided by 111.
110
What is the remainder when 8143 is divided by 255?
238
What is the remainder when 96361 is divided by 5?
1
What is the remainder when 250564 is divided by 1292?
1208
What is the remainder when 129329 is divided by 965?
19
Calculate the remainder when 5626 is divided by 473.
423
What is the remainder when 70679 is divided by 4417?
7
What is the remainder when 10910 is divided by 24?
14
Calculate the remainder when 51434 is divided by 192.
170
What is the remainder when 63292 is divided by 199?
10
What is the remainder when 93069 is divided by 21?
18
Calculate the remainder when 9803 is divided by 653.
8
What is the remainder when 15812 is d